{"id":2331,"date":"2018-04-11T15:49:20","date_gmt":"2018-04-11T15:49:20","guid":{"rendered":"http:\/\/www.posture.cl\/site\/?page_id=2331"},"modified":"2018-06-04T14:00:42","modified_gmt":"2018-06-04T14:00:42","slug":"terapia-viceral","status":"publish","type":"page","link":"http:\/\/www.posture.cl\/site\/kinesiologia-integrativa\/terapia-viceral\/","title":{"rendered":"Terapia Viceral"},"content":{"rendered":"<div class=\"wpb-content-wrapper\"><p>[vc_row][vc_column][vc_gallery type=&#8221;image_grid&#8221; images=&#8221;2467,2468&#8243; img_size=&#8221;full&#8221;][mnky_heading title=&#8221;\u00bfEn qu\u00e9 consiste?&#8221; color=&#8221;#04a6bd&#8221; position=&#8221;left&#8221;][vc_column_text el_class=&#8221;.texto-justificado&#8221;]Las visceras\u00a0son estructuras de nuestro cuerpo est\u00e1n intimamente ligadas unas a otras, ya sean v\u00edsceras o m\u00fasculos (a trav\u00e9s de las fascias y ligamentos). Este hecho, hace que nuestro cuerpo necesite un correcto funcionamiento de cada estructura para que el resto funcione de forma adecuada.<\/p>\n<p>Existe una relaci\u00f3n intima entre las estrucuras musculoesquel\u00e9ticas y las viscerales. A veces cuando tenemos afectaci\u00f3n en el estomago, percibimos dolor entre las region dorsal y escapular.Tambi\u00e9n cuando tenemos dolor o limitaci\u00f3n en le hombro derecho , puede ser por una disfuncion ep\u00e1tica. Incluso un dolor en la regi\u00f3n lumbar, puede ser por un colon irritable. Por ello, hay que separar el origen de cada patol\u00f3gia para poder realizar un tratamento adecuado.<\/p>\n<p>En ocasiones, nuestros \u00f3rganos y v\u00edsceras no se encuentran en pleno funcionamiento, tanto por aumento de tono, adherencias o una alteraci\u00f3n en su actividad. Dado que hay una estrecha relaci\u00f3n nerviosa entre v\u00edsceras o entre ellas con otras estructuras, es importante eliminar estas afectaciones. Aqu\u00ed es donde surge la\u00a0terapia visceral.<\/p>\n<p>La terapia visceral consiste en la manipulaci\u00f3n de estos \u00f3rganos con el prop\u00f3sito de devolverles su motilidad y tono normal. La manipulaci\u00f3n visceral te puede ayudar a mejorar la salud de tus \u00f3rganos, tanto en su funci\u00f3n fisiol\u00f3gica como en relaci\u00f3n con todo el sistema, tanto, visceral como estructural.<\/p>\n<p>Las t\u00e9cnicas que se utilizan en la Terapia Visceral son suaves y precisas sobre el abdomen, torax, columna y pelvis. El abordar a nuestros pacientes de un modo m\u00e1s global e integrador se hace imprescindible en la pr\u00e1ctica cl\u00ednica del fisioterapeuta. Los sistemas m\u00fasculo-esquel\u00e9tico y visceral est\u00e1n anat\u00f3mica y funcionalmente relacionados, de modo que las disfunciones estructurales acaban en muchas ocasiones afectando a los \u00f3rganos internos, y viceversa.[\/vc_column_text][\/vc_column][\/vc_row][vc_row][vc_column width=&#8221;1\/2&#8243;][vc_single_image image=&#8221;2475&#8243; img_size=&#8221;full&#8221;][vc_empty_space][vc_single_image image=&#8221;2476&#8243; img_size=&#8221;full&#8221;][vc_empty_space][vc_single_image image=&#8221;2478&#8243; img_size=&#8221;full&#8221;][\/vc_column][vc_column width=&#8221;1\/2&#8243;][vc_column_text el_class=&#8221;.texto-justificado&#8221;]<strong>Aplicaciones de la Terapia Visceral<\/strong><\/p>\n<p>La terapia visceral puede ayudar en patolog\u00edas como: estre\u00f1imiento, na\u00faseas, cicatrices internas o dolor menstrual, incluso en ni\u00f1os el\u00a0c\u00f3lico del lactante\u2026 Pero, adem\u00e1s, por convergencia nerviosa desde la m\u00e9dula podemos ayudar a disminuir dolores de tipo m\u00fasculo-esquel\u00e9tico del raquis, por ello, es muy \u00fatil para tratamiento de lumbalgias, dolores cr\u00f3nicos lumbares o pacientes con exceso de sensibilizaci\u00f3n en la espalda.[\/vc_column_text][vc_empty_space][vc_column_text el_class=&#8221;.azul&#8221;]<\/p>\n<h4>Valor Tratamiento Kinesiolog\u00eda Integrativa<\/h4>\n<h4>Sesi\u00f3n de 1 hora $18.000<\/h4>\n<p>[\/vc_column_text][vc_empty_space][mnky_heading title=&#8221;Puedes solicitar tu reserva para Terapia viceral&#8221;][vc_empty_space][vc_single_image image=&#8221;2069&#8243; img_size=&#8221;full&#8221; alignment=&#8221;center&#8221; onclick=&#8221;custom_link&#8221; css_animation=&#8221;fadeIn&#8221; link=&#8221;http:\/\/www.posture.cl\/site\/kinesiologia-integrativa\/terapia-viceral-reserva\/&#8221;][\/vc_column][\/vc_row]<\/p>\n<\/div>","protected":false},"excerpt":{"rendered":"<p>[vc_row][vc_column][vc_gallery type=&#8221;image_grid&#8221; images=&#8221;2467,2468&#8243; img_size=&#8221;full&#8221;][mnky_heading title=&#8221;\u00bfEn qu\u00e9 consiste?&#8221; color=&#8221;#04a6bd&#8221; position=&#8221;left&#8221;][vc_column_text el_class=&#8221;.texto-justificado&#8221;]Las visceras\u00a0son estructuras de nuestro cuerpo est\u00e1n intimamente ligadas unas a otras, ya sean v\u00edsceras o m\u00fasculos (a trav\u00e9s de las fascias y ligamentos). Este hecho, hace que nuestro cuerpo necesite un correcto funcionamiento de cada estructura para que el resto funcione de forma adecuada. Existe [&hellip;]<\/p>\n","protected":false},"author":1,"featured_media":2334,"parent":2292,"menu_order":0,"comment_status":"closed","ping_status":"closed","template":"page-left-sidebar.php","meta":{"footnotes":""},"_links":{"self":[{"href":"http:\/\/www.posture.cl\/site\/wp-json\/wp\/v2\/pages\/2331"}],"collection":[{"href":"http:\/\/www.posture.cl\/site\/wp-json\/wp\/v2\/pages"}],"about":[{"href":"http:\/\/www.posture.cl\/site\/wp-json\/wp\/v2\/types\/page"}],"author":[{"embeddable":true,"href":"http:\/\/www.posture.cl\/site\/wp-json\/wp\/v2\/users\/1"}],"replies":[{"embeddable":true,"href":"http:\/\/www.posture.cl\/site\/wp-json\/wp\/v2\/comments?post=2331"}],"version-history":[{"count":16,"href":"http:\/\/www.posture.cl\/site\/wp-json\/wp\/v2\/pages\/2331\/revisions"}],"predecessor-version":[{"id":2681,"href":"http:\/\/www.posture.cl\/site\/wp-json\/wp\/v2\/pages\/2331\/revisions\/2681"}],"up":[{"embeddable":true,"href":"http:\/\/www.posture.cl\/site\/wp-json\/wp\/v2\/pages\/2292"}],"wp:featuredmedia":[{"embeddable":true,"href":"http:\/\/www.posture.cl\/site\/wp-json\/wp\/v2\/media\/2334"}],"wp:attachment":[{"href":"http:\/\/www.posture.cl\/site\/wp-json\/wp\/v2\/media?parent=2331"}],"curies":[{"name":"wp","href":"https:\/\/api.w.org\/{rel}","templated":true}]}}